{"id":1708,"date":"2026-02-21T19:04:49","date_gmt":"2026-02-21T19:04:49","guid":{"rendered":"https:\/\/novisajt.surfmont.com\/hemija\/?post_type=product&#038;p=1708"},"modified":"2026-03-27T09:36:52","modified_gmt":"2026-03-27T09:36:52","slug":"tork-osvjezivac-prostora-u-spreju-a1-od-75-ml-tropsko-voce","status":"publish","type":"product","link":"https:\/\/novisajt.surfmont.com\/hemija\/product\/tork-osvjezivac-prostora-u-spreju-a1-od-75-ml-tropsko-voce\/","title":{"rendered":"Tork osvje\u017eiva\u010d prostora u spreju A1 od 75 ml &#8211; Tropsko vo\u0107e"},"content":{"rendered":"","protected":false},"excerpt":{"rendered":"<p style=\"text-align: center;\">Tork osvje\u017eiva\u010d prostora u spreju 75ml &#8211; Tropsko vo\u0107e<br \/>\nTork osvje\u017eiva\u010d prostora efikasno uklanja neprijatne mirise u prostorijama. Ostavlja dugotrajan, svje\u017e miris tropskog vo\u0107a. Pogodan za kori\u0161\u0107enje u kupatilima, sobama, kancelarijama i sl.<br \/>\nJedan sprej obezbje\u0111uje 3000 doza.<br \/>\nUputstvo za upotrebu: Poprskati 1-2 puta po sredini prostorije,u zavisnosti od njene veli\u010dine.<\/p>\n","protected":false},"featured_media":1712,"template":"","meta":[],"product_brand":[34],"product_cat":[21],"product_tag":[57],"class_list":{"0":"post-1708","1":"product","2":"type-product","3":"status-publish","4":"has-post-thumbnail","6":"product_brand-tork","7":"product_cat-papirna-konfekcija","8":"product_tag-osvjezivaci","10":"first","11":"instock","12":"shipping-taxable","13":"product-type-simple"},"_links":{"self":[{"href":"https:\/\/novisajt.surfmont.com\/hemija\/wp-json\/wp\/v2\/product\/1708","targetHints":{"allow":["GET"]}}],"collection":[{"href":"https:\/\/novisajt.surfmont.com\/hemija\/wp-json\/wp\/v2\/product"}],"about":[{"href":"https:\/\/novisajt.surfmont.com\/hemija\/wp-json\/wp\/v2\/types\/product"}],"wp:featuredmedia":[{"embeddable":true,"href":"https:\/\/novisajt.surfmont.com\/hemija\/wp-json\/wp\/v2\/media\/1712"}],"wp:attachment":[{"href":"https:\/\/novisajt.surfmont.com\/hemija\/wp-json\/wp\/v2\/media?parent=1708"}],"wp:term":[{"taxonomy":"product_brand","embeddable":true,"href":"https:\/\/novisajt.surfmont.com\/hemija\/wp-json\/wp\/v2\/product_brand?post=1708"},{"taxonomy":"product_cat","embeddable":true,"href":"https:\/\/novisajt.surfmont.com\/hemija\/wp-json\/wp\/v2\/product_cat?post=1708"},{"taxonomy":"product_tag","embeddable":true,"href":"https:\/\/novisajt.surfmont.com\/hemija\/wp-json\/wp\/v2\/product_tag?post=1708"}],"curies":[{"name":"wp","href":"https:\/\/api.w.org\/{rel}","templated":true}]}}