{"id":1801,"date":"2026-02-21T20:13:04","date_gmt":"2026-02-21T20:13:04","guid":{"rendered":"https:\/\/novisajt.surfmont.com\/hemija\/?post_type=product&#038;p=1801"},"modified":"2026-04-07T13:12:27","modified_gmt":"2026-04-07T13:12:27","slug":"tork-inox-senzorski-dozator-sapuna-u-pjeni-s4-od-1000ml-sivi","status":"publish","type":"product","link":"https:\/\/novisajt.surfmont.com\/hemija\/product\/tork-inox-senzorski-dozator-sapuna-u-pjeni-s4-od-1000ml-sivi\/","title":{"rendered":"Tork inox senzorski dozator sapuna u pjeni S4 od 1000ml &#8211; sivi"},"content":{"rendered":"","protected":false},"excerpt":{"rendered":"<p style=\"text-align: center;\">Tork senzorski dozator sapuna u pjeni senzorski S4<br \/>\nModeran dizajn koji se idealno uklapa u kupatila razli\u010dite veli\u010dine. Ner\u0111ajuc\u0301i \u010delik sa za\u0161titnim slojem za otiske prstiju izgleda sjajno i \u010disto.<br \/>\nMaterijal: inox<br \/>\nDimenzije: 278 x 116 x130mm<\/p>\n","protected":false},"featured_media":1806,"template":"","meta":[],"product_brand":[34],"product_cat":[21],"product_tag":[55,78],"class_list":{"0":"post-1801","1":"product","2":"type-product","3":"status-publish","4":"has-post-thumbnail","6":"product_brand-tork","7":"product_cat-papirna-konfekcija","8":"product_tag-dozatori-za-sapun","9":"product_tag-inox","11":"first","12":"instock","13":"shipping-taxable","14":"product-type-simple"},"_links":{"self":[{"href":"https:\/\/novisajt.surfmont.com\/hemija\/wp-json\/wp\/v2\/product\/1801","targetHints":{"allow":["GET"]}}],"collection":[{"href":"https:\/\/novisajt.surfmont.com\/hemija\/wp-json\/wp\/v2\/product"}],"about":[{"href":"https:\/\/novisajt.surfmont.com\/hemija\/wp-json\/wp\/v2\/types\/product"}],"wp:featuredmedia":[{"embeddable":true,"href":"https:\/\/novisajt.surfmont.com\/hemija\/wp-json\/wp\/v2\/media\/1806"}],"wp:attachment":[{"href":"https:\/\/novisajt.surfmont.com\/hemija\/wp-json\/wp\/v2\/media?parent=1801"}],"wp:term":[{"taxonomy":"product_brand","embeddable":true,"href":"https:\/\/novisajt.surfmont.com\/hemija\/wp-json\/wp\/v2\/product_brand?post=1801"},{"taxonomy":"product_cat","embeddable":true,"href":"https:\/\/novisajt.surfmont.com\/hemija\/wp-json\/wp\/v2\/product_cat?post=1801"},{"taxonomy":"product_tag","embeddable":true,"href":"https:\/\/novisajt.surfmont.com\/hemija\/wp-json\/wp\/v2\/product_tag?post=1801"}],"curies":[{"name":"wp","href":"https:\/\/api.w.org\/{rel}","templated":true}]}}