{"id":3472,"date":"2026-03-29T11:08:48","date_gmt":"2026-03-29T11:08:48","guid":{"rendered":"https:\/\/novisajt.surfmont.com\/hemija\/?post_type=product&#038;p=3472"},"modified":"2026-03-29T11:08:49","modified_gmt":"2026-03-29T11:08:49","slug":"tork-matic-natur-ubrus-u-rolni-autocut-h1-2-sloja-150m-6-1","status":"publish","type":"product","link":"https:\/\/novisajt.surfmont.com\/hemija\/product\/tork-matic-natur-ubrus-u-rolni-autocut-h1-2-sloja-150m-6-1\/","title":{"rendered":"Tork Matic Natur ubrus u rolni autocut H1, 2 sloja, 150m, 6\/1"},"content":{"rendered":"","protected":false},"excerpt":{"rendered":"<p style=\"text-align: center;\">Tork Matic Natur ubrus u rolni autocut H1, 2 sloja, 150m, 6\/1<br \/>\nNje\u017ean materijal koji efikasno \u010disti i su\u0161i ruke nakon pranja. \u010cini ko\u017eu mekom i nje\u017enom. Kontrolisana potro\u0161nja, pojedina\u010dnim izdavanjem listova.<br \/>\nDu\u017eina rolne: 150m<br \/>\n\u0160irina rolne: 21cm<br \/>\nPakovanje: 6\/1<br \/>\nProizvod je sertifikovan Ecolabel i FSC sertifikatom, ubraja se u odr\u017eive proizvode.<\/p>\n","protected":false},"featured_media":3477,"template":"","meta":[],"product_brand":[34],"product_cat":[21],"product_tag":[61],"class_list":{"0":"post-3472","1":"product","2":"type-product","3":"status-publish","4":"has-post-thumbnail","6":"product_brand-tork","7":"product_cat-papirna-konfekcija","8":"product_tag-ubrus","10":"first","11":"instock","12":"shipping-taxable","13":"product-type-simple"},"_links":{"self":[{"href":"https:\/\/novisajt.surfmont.com\/hemija\/wp-json\/wp\/v2\/product\/3472","targetHints":{"allow":["GET"]}}],"collection":[{"href":"https:\/\/novisajt.surfmont.com\/hemija\/wp-json\/wp\/v2\/product"}],"about":[{"href":"https:\/\/novisajt.surfmont.com\/hemija\/wp-json\/wp\/v2\/types\/product"}],"wp:featuredmedia":[{"embeddable":true,"href":"https:\/\/novisajt.surfmont.com\/hemija\/wp-json\/wp\/v2\/media\/3477"}],"wp:attachment":[{"href":"https:\/\/novisajt.surfmont.com\/hemija\/wp-json\/wp\/v2\/media?parent=3472"}],"wp:term":[{"taxonomy":"product_brand","embeddable":true,"href":"https:\/\/novisajt.surfmont.com\/hemija\/wp-json\/wp\/v2\/product_brand?post=3472"},{"taxonomy":"product_cat","embeddable":true,"href":"https:\/\/novisajt.surfmont.com\/hemija\/wp-json\/wp\/v2\/product_cat?post=3472"},{"taxonomy":"product_tag","embeddable":true,"href":"https:\/\/novisajt.surfmont.com\/hemija\/wp-json\/wp\/v2\/product_tag?post=3472"}],"curies":[{"name":"wp","href":"https:\/\/api.w.org\/{rel}","templated":true}]}}